{"id":1090,"date":"2018-07-25T14:30:55","date_gmt":"2018-07-25T12:30:55","guid":{"rendered":"https:\/\/welti-furrer.ch\/?page_id=1090"},"modified":"2021-01-13T14:52:24","modified_gmt":"2021-01-13T13:52:24","slug":"about-us","status":"publish","type":"page","link":"https:\/\/www.welti-furrer.ch\/en\/business-removals\/about-us\/","title":{"rendered":"About us"},"content":{"rendered":"<h1>\n\t\tYour contact person\n\t<\/h1>\n                            <h3>\n                                Marc Zimmermann                                <small>Leiter Gesch\u00e4ftsumz\u00fcge Z\u00fcrich<\/small>\n                            <\/h3>\n                                <a href=\"tel:+41 44 444 13 04\" onclick=\"gtag('event', 'click', { 'event_category': 'link', 'event_label': 'telefon-klick' });\">\n                                    <i>phone<\/i> +41 44 444 13 04                                <\/a>\n                                <a href=\"mailto:marc.zimmermann@welti-furrer.ch\" onclick=\"gtag('event', 'click', { 'event_category': 'link', 'event_label': 'email-klick' });\">\n                                    <i>mail_outline<\/i> marc.zimmermann@welti-furrer.ch                                <\/a>\n                            <h3>\n                                Daniel Zimmermann                                <small>Leiter Niederlassung Bern, Leiter Region Bern \/ Westschweiz<\/small>\n                            <\/h3>\n                                <a href=\"tel:+41 31 990 91 00\" onclick=\"gtag('event', 'click', { 'event_category': 'link', 'event_label': 'telefon-klick' });\">\n                                    <i>phone<\/i> +41 31 990 91 00                                <\/a>\n                                <a href=\"mailto:daniel.zimmermann@welti-furrer.ch\" onclick=\"gtag('event', 'click', { 'event_category': 'link', 'event_label': 'email-klick' });\">\n                                    <i>mail_outline<\/i> daniel.zimmermann@welti-furrer.ch                                <\/a>\n                            <h3>\n                                Viviano Salvador                                <small>Berater Gesch\u00e4ftsumz\u00fcge Region Z\u00fcrich<\/small>\n                            <\/h3>\n                                <a href=\"tel: +41 44 444 13 08\" onclick=\"gtag('event', 'click', { 'event_category': 'link', 'event_label': 'telefon-klick' });\">\n                                    <i>phone<\/i>  +41 44 444 13 08                                <\/a>\n                                <a href=\"mailto:viviano.salvador@welti-furrer.ch\" onclick=\"gtag('event', 'click', { 'event_category': 'link', 'event_label': 'email-klick' });\">\n                                    <i>mail_outline<\/i> viviano.salvador@welti-furrer.ch                                <\/a>\n                            <h3>\n                                Tobias Maierhofer                                <small>Berater Gesch\u00e4ftsumz\u00fcge Region Z\u00fcrich<\/small>\n                            <\/h3>\n                                <a href=\"tel: +41 44 444 13 10\" onclick=\"gtag('event', 'click', { 'event_category': 'link', 'event_label': 'telefon-klick' });\">\n                                    <i>phone<\/i>  +41 44 444 13 10                                <\/a>\n                                <a href=\"mailto:tobias.maierhofer@welti-furrer.ch\" onclick=\"gtag('event', 'click', { 'event_category': 'link', 'event_label': 'email-klick' });\">\n                                    <i>mail_outline<\/i> tobias.maierhofer@welti-furrer.ch                                <\/a>\n                            <h3>\n                                Remo Giger                                <small>CEO \/ Gesch\u00e4ftsf\u00fchrer Privat und Gesch\u00e4ftsumz\u00fcge<\/small>\n                            <\/h3>\n                                <a href=\"tel:+41 44 444 13 00\" onclick=\"gtag('event', 'click', { 'event_category': 'link', 'event_label': 'telefon-klick' });\">\n                                    <i>phone<\/i> +41 44 444 13 00                                <\/a>\n                                <a href=\"mailto:remo.giger@welti-furrer.ch\" onclick=\"gtag('event', 'click', { 'event_category': 'link', 'event_label': 'email-klick' });\">\n                                    <i>mail_outline<\/i> remo.giger@welti-furrer.ch                                <\/a>\n                            <h3>\n                                Hana Elezi                                <small>Niederlassungsleiterin Aargau \/ Basel \/ Solothurn<\/small>\n                            <\/h3>\n                                <a href=\"tel:+41 56 461 62 75\" onclick=\"gtag('event', 'click', { 'event_category': 'link', 'event_label': 'telefon-klick' });\">\n                                    <i>phone<\/i> +41 56 461 62 75                                <\/a>\n                                <a href=\"mailto:hana.elezi@welti-furrer.ch\" onclick=\"gtag('event', 'click', { 'event_category': 'link', 'event_label': 'email-klick' });\">\n                                    <i>mail_outline<\/i> hana.elezi@welti-furrer.ch                                <\/a>\n                            <h3>\n                                Peter Giger                                <small>Berater Niederlassung Windisch  Aargau \/ Basel \/ Solothurn<\/small>\n                            <\/h3>\n                                <a href=\"tel:+41 56 461 62 75\" onclick=\"gtag('event', 'click', { 'event_category': 'link', 'event_label': 'telefon-klick' });\">\n                                    <i>phone<\/i> +41 56 461 62 75                                <\/a>\n                                <a href=\"mailto:peter.giger@welti-furrer.ch\" onclick=\"gtag('event', 'click', { 'event_category': 'link', 'event_label': 'email-klick' });\">\n                                    <i>mail_outline<\/i> peter.giger@welti-furrer.ch                                <\/a>\n                            <h3>\n                                 Philipp Vassalli                                <small>Mitglied des Verwaltungsrates<\/small>\n                            <\/h3>\n                                <a href=\"tel:+41 44 444 12 48\" onclick=\"gtag('event', 'click', { 'event_category': 'link', 'event_label': 'telefon-klick' });\">\n                                    <i>phone<\/i> +41 44 444 12 48                                <\/a>\n                                <a href=\"mailto:philipp.vassalli@welti-furrer.ch\" onclick=\"gtag('event', 'click', { 'event_category': 'link', 'event_label': 'email-klick' });\">\n                                    <i>mail_outline<\/i> philipp.vassalli@welti-furrer.ch                                <\/a>\n","protected":false},"excerpt":{"rendered":"<p>Your contact person Marc Zimmermann Leiter Gesch\u00e4ftsumz\u00fcge Z\u00fcrich phone +41 44 444 13 04 mail_outline marc.zimmermann@welti-furrer.ch Daniel Zimmermann Leiter Niederlassung Bern, Leiter Region Bern \/ Westschweiz phone +41 31 990 91 00 mail_outline daniel.zimmermann@welti-furrer.ch Viviano Salvador Berater Gesch\u00e4ftsumz\u00fcge Region Z\u00fcrich phone +41 44 444 13 08 mail_outline viviano.salvador@welti-furrer.ch Tobias Maierhofer Berater Gesch\u00e4ftsumz\u00fcge Region Z\u00fcrich phone [&hellip;]<\/p>\n","protected":false},"author":1,"featured_media":0,"parent":148,"menu_order":0,"comment_status":"closed","ping_status":"closed","template":"","meta":{"footnotes":""},"class_list":["post-1090","page","type-page","status-publish","hentry"],"_links":{"self":[{"href":"https:\/\/www.welti-furrer.ch\/en\/wp-json\/wp\/v2\/pages\/1090","targetHints":{"allow":["GET"]}}],"collection":[{"href":"https:\/\/www.welti-furrer.ch\/en\/wp-json\/wp\/v2\/pages"}],"about":[{"href":"https:\/\/www.welti-furrer.ch\/en\/wp-json\/wp\/v2\/types\/page"}],"author":[{"embeddable":true,"href":"https:\/\/www.welti-furrer.ch\/en\/wp-json\/wp\/v2\/users\/1"}],"replies":[{"embeddable":true,"href":"https:\/\/www.welti-furrer.ch\/en\/wp-json\/wp\/v2\/comments?post=1090"}],"version-history":[{"count":6,"href":"https:\/\/www.welti-furrer.ch\/en\/wp-json\/wp\/v2\/pages\/1090\/revisions"}],"predecessor-version":[{"id":7843,"href":"https:\/\/www.welti-furrer.ch\/en\/wp-json\/wp\/v2\/pages\/1090\/revisions\/7843"}],"up":[{"embeddable":true,"href":"https:\/\/www.welti-furrer.ch\/en\/wp-json\/wp\/v2\/pages\/148"}],"wp:attachment":[{"href":"https:\/\/www.welti-furrer.ch\/en\/wp-json\/wp\/v2\/media?parent=1090"}],"curies":[{"name":"wp","href":"https:\/\/api.w.org\/{rel}","templated":true}]}}

<h1>
		Your contact person
	</h1>
                            <h3>
                                Marc Zimmermann                                <small>Leiter Geschäftsumzüge Zürich</small>
                            </h3>
                                <a href="tel:+41 44 444 13 04" onclick="gtag('event', 'click', { 'event_category': 'link', 'event_label': 'telefon-klick' });">
                                    <i>phone</i> +41 44 444 13 04                                </a>
                                <a href="mailto:marc.zimmermann@welti-furrer.ch" onclick="gtag('event', 'click', { 'event_category': 'link', 'event_label': 'email-klick' });">
                                    <i>mail_outline</i> marc.zimmermann@welti-furrer.ch                                </a>
                            <h3>
                                Daniel Zimmermann                                <small>Leiter Niederlassung Bern, Leiter Region Bern / Westschweiz</small>
                            </h3>
                                <a href="tel:+41 31 990 91 00" onclick="gtag('event', 'click', { 'event_category': 'link', 'event_label': 'telefon-klick' });">
                                    <i>phone</i> +41 31 990 91 00                                </a>
                                <a href="mailto:daniel.zimmermann@welti-furrer.ch" onclick="gtag('event', 'click', { 'event_category': 'link', 'event_label': 'email-klick' });">
                                    <i>mail_outline</i> daniel.zimmermann@welti-furrer.ch                                </a>
                            <h3>
                                Viviano Salvador                                <small>Berater Geschäftsumzüge Region Zürich</small>
                            </h3>
                                <a href="tel: +41 44 444 13 08" onclick="gtag('event', 'click', { 'event_category': 'link', 'event_label': 'telefon-klick' });">
                                    <i>phone</i>  +41 44 444 13 08                                </a>
                                <a href="mailto:viviano.salvador@welti-furrer.ch" onclick="gtag('event', 'click', { 'event_category': 'link', 'event_label': 'email-klick' });">
                                    <i>mail_outline</i> viviano.salvador@welti-furrer.ch                                </a>
                            <h3>
                                Tobias Maierhofer                                <small>Berater Geschäftsumzüge Region Zürich</small>
                            </h3>
                                <a href="tel: +41 44 444 13 10" onclick="gtag('event', 'click', { 'event_category': 'link', 'event_label': 'telefon-klick' });">
                                    <i>phone</i>  +41 44 444 13 10                                </a>
                                <a href="mailto:tobias.maierhofer@welti-furrer.ch" onclick="gtag('event', 'click', { 'event_category': 'link', 'event_label': 'email-klick' });">
                                    <i>mail_outline</i> tobias.maierhofer@welti-furrer.ch                                </a>
                            <h3>
                                Remo Giger                                <small>CEO / Geschäftsführer Privat und Geschäftsumzüge</small>
                            </h3>
                                <a href="tel:+41 44 444 13 00" onclick="gtag('event', 'click', { 'event_category': 'link', 'event_label': 'telefon-klick' });">
                                    <i>phone</i> +41 44 444 13 00                                </a>
                                <a href="mailto:remo.giger@welti-furrer.ch" onclick="gtag('event', 'click', { 'event_category': 'link', 'event_label': 'email-klick' });">
                                    <i>mail_outline</i> remo.giger@welti-furrer.ch                                </a>
                            <h3>
                                Hana Elezi                                <small>Niederlassungsleiterin Aargau / Basel / Solothurn</small>
                            </h3>
                                <a href="tel:+41 56 461 62 75" onclick="gtag('event', 'click', { 'event_category': 'link', 'event_label': 'telefon-klick' });">
                                    <i>phone</i> +41 56 461 62 75                                </a>
                                <a href="mailto:hana.elezi@welti-furrer.ch" onclick="gtag('event', 'click', { 'event_category': 'link', 'event_label': 'email-klick' });">
                                    <i>mail_outline</i> hana.elezi@welti-furrer.ch                                </a>
                            <h3>
                                Peter Giger                                <small>Berater Niederlassung Windisch  Aargau / Basel / Solothurn</small>
                            </h3>
                                <a href="tel:+41 56 461 62 75" onclick="gtag('event', 'click', { 'event_category': 'link', 'event_label': 'telefon-klick' });">
                                    <i>phone</i> +41 56 461 62 75                                </a>
                                <a href="mailto:peter.giger@welti-furrer.ch" onclick="gtag('event', 'click', { 'event_category': 'link', 'event_label': 'email-klick' });">
                                    <i>mail_outline</i> peter.giger@welti-furrer.ch                                </a>
                            <h3>
                                 Philipp Vassalli                                <small>Mitglied des Verwaltungsrates</small>
                            </h3>
                                <a href="tel:+41 44 444 12 48" onclick="gtag('event', 'click', { 'event_category': 'link', 'event_label': 'telefon-klick' });">
                                    <i>phone</i> +41 44 444 12 48                                </a>
                                <a href="mailto:philipp.vassalli@welti-furrer.ch" onclick="gtag('event', 'click', { 'event_category': 'link', 'event_label': 'email-klick' });">
                                    <i>mail_outline</i> philipp.vassalli@welti-furrer.ch                                </a>

<p>Your contact person Marc Zimmermann Leiter Geschäftsumzüge Zürich phone +41 44 444 13 04 mail_outline marc.zimmermann@welti-furrer.ch Daniel Zimmermann Leiter Niederlassung Bern, Leiter Region Bern / Westschweiz phone +41 31 990 91 00 mail_outline daniel.zimmermann@welti-furrer.ch Viviano Salvador Berater Geschäftsumzüge Region Zürich phone +41 44 444 13 08 mail_outline viviano.salvador@welti-furrer.ch Tobias Maierhofer Berater Geschäftsumzüge Region Zürich phone [&hellip;]</p>
